{"id":3833,"date":"2023-03-12T18:16:21","date_gmt":"2023-03-12T17:16:21","guid":{"rendered":"https:\/\/www.bocianiky.sk\/?page_id=3833"},"modified":"2023-10-15T14:22:45","modified_gmt":"2023-10-15T13:22:45","slug":"maderoterapia","status":"publish","type":"page","link":"https:\/\/www.bocianiky.sk\/?page_id=3833","title":{"rendered":"Maderoterapia"},"content":{"rendered":"\n<p>Maderoterapia alebo&nbsp;<strong>terapia drevom<\/strong>&nbsp;je druh mas\u00e1\u017ee, ktor\u00fd vznikol v\u202fKolumbii&nbsp;a\u202fspo\u010d\u00edva v\u202faplik\u00e1cii \u0161peci\u00e1lnych val\u010dekov vyroben\u00fdch z\u202fpr\u00edrodn\u00e9ho dreva. Terapia je ur\u010den\u00e1 na&nbsp;odstr\u00e1nenie celulit\u00eddy, \u00fa\u010dinn\u00e1 je v\u0161ak aj pri&nbsp;celkovej&nbsp;detoxik\u00e1cii&nbsp;organizmu.&nbsp;<\/p>\n\n\n\n<p>Mas\u00e1\u017e val\u010dekmi stimuluje\u00a0lymfatick\u00fd syst\u00e9<strong>m<\/strong>, ktor\u00e9ho funkcia v\u202fna\u0161om tele je vylu\u010dovanie toxick\u00fdch l\u00e1tok. Nezdrav\u00e9 \u017eivotn\u00e9 n\u00e1vyky, nekvalitn\u00e9 stravovanie a\u202fnedostato\u010dn\u00fd pohyb sp\u00f4sobuj\u00fa \u00fanavu lymfatick\u00e9ho syst\u00e9mu, \u010d\u00edm toxick\u00e9 l\u00e1tky zost\u00e1vaj\u00fa v\u202ftele<\/p>\n\n\n\n<p><\/p>\n\n\n\n<figure class=\"wp-block-gallery has-nested-images columns-default is-cropped wp-block-gallery-1 is-layout-flex wp-block-gallery-is-layout-flex\">\n<figure class=\"wp-block-image size-large\"><img fetchpriority=\"high\" decoding=\"async\" width=\"768\" height=\"1024\" data-id=\"4152\" src=\"https:\/\/www.bocianiky.sk\/wp-content\/uploads\/2023\/10\/PHOTO-2023-10-13-10-12-50-1-768x1024.jpg\" alt=\"\" class=\"wp-image-4152\" srcset=\"https:\/\/www.bocianiky.sk\/wp-content\/uploads\/2023\/10\/PHOTO-2023-10-13-10-12-50-1-768x1024.jpg 768w, https:\/\/www.bocianiky.sk\/wp-content\/uploads\/2023\/10\/PHOTO-2023-10-13-10-12-50-1-600x800.jpg 600w, https:\/\/www.bocianiky.sk\/wp-content\/uploads\/2023\/10\/PHOTO-2023-10-13-10-12-50-1-225x300.jpg 225w, https:\/\/www.bocianiky.sk\/wp-content\/uploads\/2023\/10\/PHOTO-2023-10-13-10-12-50-1-1152x1536.jpg 1152w, https:\/\/www.bocianiky.sk\/wp-content\/uploads\/2023\/10\/PHOTO-2023-10-13-10-12-50-1-200x267.jpg 200w, https:\/\/www.bocianiky.sk\/wp-content\/uploads\/2023\/10\/PHOTO-2023-10-13-10-12-50-1.jpg 1536w\" sizes=\"(max-width: 768px) 100vw, 768px\" \/><\/figure>\n\n\n\n<figure class=\"wp-block-image size-large\"><img decoding=\"async\" width=\"768\" height=\"1024\" data-id=\"4156\" src=\"https:\/\/www.bocianiky.sk\/wp-content\/uploads\/2023\/10\/PHOTO-2023-10-13-10-12-56-2-768x1024.jpg\" alt=\"\" class=\"wp-image-4156\" srcset=\"https:\/\/www.bocianiky.sk\/wp-content\/uploads\/2023\/10\/PHOTO-2023-10-13-10-12-56-2-768x1024.jpg 768w, https:\/\/www.bocianiky.sk\/wp-content\/uploads\/2023\/10\/PHOTO-2023-10-13-10-12-56-2-600x800.jpg 600w, https:\/\/www.bocianiky.sk\/wp-content\/uploads\/2023\/10\/PHOTO-2023-10-13-10-12-56-2-225x300.jpg 225w, https:\/\/www.bocianiky.sk\/wp-content\/uploads\/2023\/10\/PHOTO-2023-10-13-10-12-56-2-1152x1536.jpg 1152w, https:\/\/www.bocianiky.sk\/wp-content\/uploads\/2023\/10\/PHOTO-2023-10-13-10-12-56-2-200x267.jpg 200w, https:\/\/www.bocianiky.sk\/wp-content\/uploads\/2023\/10\/PHOTO-2023-10-13-10-12-56-2.jpg 1536w\" sizes=\"(max-width: 768px) 100vw, 768px\" \/><\/figure>\n\n\n\n<figure class=\"wp-block-image size-large\"><img decoding=\"async\" width=\"768\" height=\"1024\" data-id=\"4154\" src=\"https:\/\/www.bocianiky.sk\/wp-content\/uploads\/2023\/10\/PHOTO-2023-10-13-10-12-59-2-768x1024.jpg\" alt=\"\" class=\"wp-image-4154\" srcset=\"https:\/\/www.bocianiky.sk\/wp-content\/uploads\/2023\/10\/PHOTO-2023-10-13-10-12-59-2-768x1024.jpg 768w, https:\/\/www.bocianiky.sk\/wp-content\/uploads\/2023\/10\/PHOTO-2023-10-13-10-12-59-2-600x800.jpg 600w, https:\/\/www.bocianiky.sk\/wp-content\/uploads\/2023\/10\/PHOTO-2023-10-13-10-12-59-2-225x300.jpg 225w, https:\/\/www.bocianiky.sk\/wp-content\/uploads\/2023\/10\/PHOTO-2023-10-13-10-12-59-2-1152x1536.jpg 1152w, https:\/\/www.bocianiky.sk\/wp-content\/uploads\/2023\/10\/PHOTO-2023-10-13-10-12-59-2-200x267.jpg 200w, https:\/\/www.bocianiky.sk\/wp-content\/uploads\/2023\/10\/PHOTO-2023-10-13-10-12-59-2.jpg 1536w\" sizes=\"(max-width: 768px) 100vw, 768px\" \/><\/figure>\n<\/figure>\n","protected":false},"excerpt":{"rendered":"<p>Maderoterapia alebo&nbsp;terapia drevom&nbsp;je druh mas\u00e1\u017ee, ktor\u00fd vznikol v\u202fKolumbii&nbsp;a\u202fspo\u010d\u00edva v\u202faplik\u00e1cii \u0161peci\u00e1lnych val\u010dekov vyroben\u00fdch z\u202fpr\u00edrodn\u00e9ho dreva. Terapia je ur\u010den\u00e1 na&nbsp;odstr\u00e1nenie celulit\u00eddy, \u00fa\u010dinn\u00e1 je v\u0161ak aj pri&nbsp;celkovej&nbsp;detoxik\u00e1cii&nbsp;organizmu.&nbsp; Mas\u00e1\u017e val\u010dekmi stimuluje\u00a0lymfatick\u00fd syst\u00e9m, ktor\u00e9ho funkcia&#8230;<\/p>\n","protected":false},"author":1,"featured_media":0,"parent":0,"menu_order":0,"comment_status":"closed","ping_status":"closed","template":"","meta":{"footnotes":""},"class_list":["post-3833","page","type-page","status-publish"],"_links":{"self":[{"href":"https:\/\/www.bocianiky.sk\/index.php?rest_route=\/wp\/v2\/pages\/3833","targetHints":{"allow":["GET"]}}],"collection":[{"href":"https:\/\/www.bocianiky.sk\/index.php?rest_route=\/wp\/v2\/pages"}],"about":[{"href":"https:\/\/www.bocianiky.sk\/index.php?rest_route=\/wp\/v2\/types\/page"}],"author":[{"embeddable":true,"href":"https:\/\/www.bocianiky.sk\/index.php?rest_route=\/wp\/v2\/users\/1"}],"replies":[{"embeddable":true,"href":"https:\/\/www.bocianiky.sk\/index.php?rest_route=%2Fwp%2Fv2%2Fcomments&post=3833"}],"version-history":[{"count":1,"href":"https:\/\/www.bocianiky.sk\/index.php?rest_route=\/wp\/v2\/pages\/3833\/revisions"}],"predecessor-version":[{"id":4157,"href":"https:\/\/www.bocianiky.sk\/index.php?rest_route=\/wp\/v2\/pages\/3833\/revisions\/4157"}],"wp:attachment":[{"href":"https:\/\/www.bocianiky.sk\/index.php?rest_route=%2Fwp%2Fv2%2Fmedia&parent=3833"}],"curies":[{"name":"wp","href":"https:\/\/api.w.org\/{rel}","templated":true}]}}